{"version":"1.0","provider_name":"Les Recluses Missionnaires","provider_url":"https:\/\/reclusesmiss.org\/wp","author_name":"recluses_miss","author_url":"https:\/\/reclusesmiss.org\/wp\/author\/sr_gg_rmiss_admin\/","title":"D\u00e9c\u00e8s de sr Fran\u00e7oise Pleau - Les Recluses Missionnaires","type":"rich","width":600,"height":338,"html":"<blockquote class=\"wp-embedded-content\" data-secret=\"A1eschRntF\"><a href=\"https:\/\/reclusesmiss.org\/wp\/deces-de-sr-francoise-pleau\/\">D\u00e9c\u00e8s de sr Fran\u00e7oise Pleau<\/a><\/blockquote><iframe sandbox=\"allow-scripts\" security=\"restricted\" src=\"https:\/\/reclusesmiss.org\/wp\/deces-de-sr-francoise-pleau\/embed\/#?secret=A1eschRntF\" width=\"600\" height=\"338\" title=\"\u00ab\u00a0D\u00e9c\u00e8s de sr Fran\u00e7oise Pleau\u00a0\u00bb &#8212; Les Recluses Missionnaires\" data-secret=\"A1eschRntF\" frameborder=\"0\" marginwidth=\"0\" marginheight=\"0\" scrolling=\"no\" class=\"wp-embedded-content\"><\/iframe><script type=\"text\/javascript\">\n\/* <![CDATA[ *\/\n\/*! This file is auto-generated *\/\n!function(d,l){\"use strict\";l.querySelector&&d.addEventListener&&\"undefined\"!=typeof URL&&(d.wp=d.wp||{},d.wp.receiveEmbedMessage||(d.wp.receiveEmbedMessage=function(e){var t=e.data;if((t||t.secret||t.message||t.value)&&!\/[^a-zA-Z0-9]\/.test(t.secret)){for(var s,r,n,a=l.querySelectorAll('iframe[data-secret=\"'+t.secret+'\"]'),o=l.querySelectorAll('blockquote[data-secret=\"'+t.secret+'\"]'),c=new RegExp(\"^https?:$\",\"i\"),i=0;i<o.length;i++)o[i].style.display=\"none\";for(i=0;i<a.length;i++)s=a[i],e.source===s.contentWindow&&(s.removeAttribute(\"style\"),\"height\"===t.message?(1e3<(r=parseInt(t.value,10))?r=1e3:~~r<200&&(r=200),s.height=r):\"link\"===t.message&&(r=new URL(s.getAttribute(\"src\")),n=new URL(t.value),c.test(n.protocol))&&n.host===r.host&&l.activeElement===s&&(d.top.location.href=t.value))}},d.addEventListener(\"message\",d.wp.receiveEmbedMessage,!1),l.addEventListener(\"DOMContentLoaded\",function(){for(var e,t,s=l.querySelectorAll(\"iframe.wp-embedded-content\"),r=0;r<s.length;r++)(t=(e=s[r]).getAttribute(\"data-secret\"))||(t=Math.random().toString(36).substring(2,12),e.src+=\"#?secret=\"+t,e.setAttribute(\"data-secret\",t)),e.contentWindow.postMessage({message:\"ready\",secret:t},\"*\")},!1)))}(window,document);\n\/\/# sourceURL=https:\/\/reclusesmiss.org\/wp\/wp-includes\/js\/wp-embed.min.js\n\/* ]]> *\/\n<\/script>\n","thumbnail_url":"https:\/\/i2.wp.com\/reclusesmiss.org\/wp\/wp-content\/uploads\/2020\/03\/Soeur-Francoise.jpg?fit=522%2C714&ssl=1","thumbnail_width":522,"thumbnail_height":714,"description":"Le lundi, 2 mars, le Seigneur a rappel\u00e9 \u00e0 Lui notre s\u0153ur Fran\u00e7oise. Elle recevait des soins \u00e0 l&rsquo;infirmerie des S\u0153urs de la Charit\u00e9 de St-Hyacinthe depuis 2017. \u00c2g\u00e9e de 87 ans, elle avait soulign\u00e9 l&rsquo;ann\u00e9e derni\u00e8re ses 65 ans &hellip; Lire la suite\u00ad\u00ad"}

Décès de sr Françoise Pleau - Les Recluses Missionnaires

<blockquote class="wp-embedded-content" data-secret="A1eschRntF"><a href="https://reclusesmiss.org/wp/deces-de-sr-francoise-pleau/">Décès de sr Françoise Pleau</a></blockquote><iframe sandbox="allow-scripts" security="restricted" src="https://reclusesmiss.org/wp/deces-de-sr-francoise-pleau/embed/#?secret=A1eschRntF" width="600" height="338" title="« Décès de sr Françoise Pleau » &#8212; Les Recluses Missionnaires" data-secret="A1eschRntF" frameborder="0" marginwidth="0" marginheight="0" scrolling="no" class="wp-embedded-content"></iframe><script type="text/javascript">
/* <![CDATA[ */
/*! This file is auto-generated */
!function(d,l){"use strict";l.querySelector&&d.addEventListener&&"undefined"!=typeof URL&&(d.wp=d.wp||{},d.wp.receiveEmbedMessage||(d.wp.receiveEmbedMessage=function(e){var t=e.data;if((t||t.secret||t.message||t.value)&&!/[^a-zA-Z0-9]/.test(t.secret)){for(var s,r,n,a=l.querySelectorAll('iframe[data-secret="'+t.secret+'"]'),o=l.querySelectorAll('blockquote[data-secret="'+t.secret+'"]'),c=new RegExp("^https?:$","i"),i=0;i<o.length;i++)o[i].style.display="none";for(i=0;i<a.length;i++)s=a[i],e.source===s.contentWindow&&(s.removeAttribute("style"),"height"===t.message?(1e3<(r=parseInt(t.value,10))?r=1e3:~~r<200&&(r=200),s.height=r):"link"===t.message&&(r=new URL(s.getAttribute("src")),n=new URL(t.value),c.test(n.protocol))&&n.host===r.host&&l.activeElement===s&&(d.top.location.href=t.value))}},d.addEventListener("message",d.wp.receiveEmbedMessage,!1),l.addEventListener("DOMContentLoaded",function(){for(var e,t,s=l.querySelectorAll("iframe.wp-embedded-content"),r=0;r<s.length;r++)(t=(e=s[r]).getAttribute("data-secret"))||(t=Math.random().toString(36).substring(2,12),e.src+="#?secret="+t,e.setAttribute("data-secret",t)),e.contentWindow.postMessage({message:"ready",secret:t},"*")},!1)))}(window,document);
//# sourceURL=https://reclusesmiss.org/wp/wp-includes/js/wp-embed.min.js
/* ]]> */
</script>

Le lundi, 2 mars, le Seigneur a rappelé à Lui notre sœur Françoise. Elle recevait des soins à l&rsquo;infirmerie des Sœurs de la Charité de St-Hyacinthe depuis 2017. Âgée de 87 ans, elle avait souligné l&rsquo;année dernière ses 65 ans &hellip; Lire la suite­­
